59
In base 5, what is 10 + 10322322?
10322332
In base 13, what is -8a + -4acc?
-4b89
In base 13, what is -5 + -3914?
-3919
In base 8, what is -6 + 547?
541
In base 13, what is -a623 - -19?
-a607
In base 14, what is -b8b + -a5?
-c52
In base 2, what is -11111001 - -10100111?
-1010010
In base 4, what is -320303 - -312?
-313331
In base 13, what is 4416 + -36?
43b0
In base 12, what is 4304601 + 2?
4304603
In base 2, what is -10001001 + 110101001110?
110011000101
In base 12, what is -4b + -590?
-61b
In base 4, what is -110031 - -321020?
210323
In base 12, what is 664bab + -1?
664baa
In base 15, what is -c + -499?
-4a6
In base 11, what is 10a9 - 1395?
-297
In base 13, what is -5528a - 20?
-552aa
In base 12, what is 3939 - 132?
3807
In base 14, what is 1 + -d24d?
-d24c
In base 14, what is 9bb2b + -9?
9bb22
In base 5, what is -1420 - -402?
-1013
In base 2, what is 1001111 + 10011111001?
10101001000
In base 5, what is 2401 + -20100?
-12144
In base 10, what is -39002 + -2?
-39004
In base 5, what is -1100 + -1220?
-2320
In base 13, what is -11a707 - -3?
-11a704
In base 7, what is -3316 - -160?
-3126
In base 10, what is -5 - -27986?
27981
In base 5, what is 2341212 - 3?
2341204
In base 14, what is 1a2 + 6a?
22c
In base 11, what is 3057 - 1a?
3038
In base 6, what is -1 - 203321?
-203322
In base 8, what is 25 + 1165?
1212
In base 6, what is -4 + 4155520?
4155512
In base 10, what is -1 + -233156?
-233157
In base 7, what is -3146236 - 0?
-3146236
In base 12, what is -3ba0b - 15?
-3ba24
In base 14, what is 3872 - -4?
3876
In base 4, what is -130311 + -202021?
-332332
In base 16, what is 4 - -6883?
6887
In base 7, what is 5240424 + 5?
5240432
In base 7, what is -43 + 603365?
603322
In base 12, what is -92a + -30?
-95a
In base 16, what is e - 57ca?
-57bc
In base 2, what is -1000111110010010101 + -110?
-1000111110010011011
In base 6, what is 231311 + 1?
231312
In base 2, what is 111 - 1100100010101?
-1100100001110
In base 16, what is 211 + -1040?
-e2f
In base 14, what is 5 - -2781?
2786
In base 10, what is -1014 + 29?
-985
In base 2, what is 100 + 100100101011100?
100100101100000
In base 7, what is -1104401 - -16?
-1104352
In base 4, what is 103113221 - 1?
103113220
In base 12, what is -36969 - 19?
-36986
In base 8, what is 322 + 250?
572
In base 6, what is 1 + 14242?
14243
In base 8, what is 2754220 + -3?
2754215
In base 14, what is -a28bd - 5?
-a28c4
In base 9, what is -170 - 11515?
-11685
In base 8, what is -112515 + 10?
-112505
In base 12, what is 84 - -22aa9?
22b71
In base 10, what is -104 - -44?
-60
In base 14, what is -2bb51 + 5?
-2bb4a
In base 8, what is -3 - -551137?
551134
In base 13, what is 5 + 222917?
22291c
In base 5, what is -14130 + 212?
-13413
In base 13, what is 19 + 73c?
758
In base 3, what is 1022 + -20001010?
-12222211
In base 12, what is -618 + -296?
-8b2
In base 14, what is -373 - -39?
-338
In base 6, what is 3153 - 1025?
2124
In base 3, what is -11 + 122110011122?
122110011111
In base 10, what is -2309 + 95?
-2214
In base 10, what is -4 + 1434?
1430
In base 15, what is 37 - 6d?
-36
In base 7, what is -112 + -5651?
-6063
In base 2, what is 100110 + 1110000110?
1110101100
In base 16, what is -5 + -518e?
-5193
In base 3, what is 110 - 202201121?
-202201011
In base 16, what is -a2 - a8?
-14a
In base 8, what is 21675 + -204?
21471
In base 13, what is 4 + 4b11?
4b15
In base 10, what is 59 - -236?
295
In base 5, what is 41132 + 312?
41444
In base 6, what is 51 + -412?
-321
In base 2, what is 0 + 1001000010011001000?
1001000010011001000
In base 11, what is -56315 - -4?
-56311
In base 9, what is 452 + 14?
466
In base 12, what is 3b3 + -22?
391
In base 5, what is 0 + 1242313?
1242313
In base 11, what is 11 - 9195?
-9184
In base 14, what is 1 + -78d0?
-78cd
In base 8, what is 10323300 + -4?
10323274
In base 5, what is 41 + 10031040?
10031131
In base 7, what is -1 + -31610?
-31611
In base 13, what is b27ca - 1?
b27c9
In base 9, what is -125447 + -3?
-125451
In base 14, what is 133 + -315b?
-3028
In base 4, what is -2 - 3000110303?
-3000110311
In base 9, what is 277576 + -1?
277575
In base 4, what is 123323 - -20120?
210103
In base 3, what is -201211 + -1211?
-210122
In base 13, what is 3a0952 + 1?
3a0953
In base 5, what is -122102 + 3020?
-114032
In base 15, what is 82ec - -29?
8326
In base 11, what is 2244 + -6?
2239
In base 4, what is 3 - 1210012?
-1210003
In base 14, what is 1cc - -11?
1dd
In base 5, what is -1012141 + 12?
-1012124
In base 15, what is -9b5 - -1d8?
-7cc
In base 5, what is -442242 - -4?
-442233
In base 13, what is -4 + 28b?
287
In base 16, what is 56aa + -e?
569c
In base 7, what is 26 + -25634?
-25605
In base 7, what is 5551 + 3?
5554
In base 11, what is 7945 + -14?
7931
In base 8, what is 151042 + -10?
151032
In base 6, what is 0 + -30302?
-30302
In base 13, what is -7 - -161094?
16108a
In base 8, what is -1237 + 2074?
635
In base 9, what is -156 - 2207?
-2364
In base 4, what is 2111 + -321?
1130
In base 13, what is -66bbc + 6?
-66bb6
In base 6, what is -313 + 43401?
43044
In base 2, what is -1000010 - 11111110?
-101000000
In base 16, what is -6 - -3438?
3432
In base 15, what is -d + b5bd2?
b5bc4
In base 10, what is -1 + -120763?
-120764
In base 2, what is 10000 - -10000110101011110001?
10000110101100000001
In base 7, what is 35242 - -11?
35253
In base 8, what is -77501 - -102?
-77377
In base 14, what is -5a37 + -3?
-5a3a
In base 16, what is 19 - 65f?
-646
In base 6, what is -215334 - -2?
-215332
In base 7, what is 1 + 1115466?
1115500
In base 14, what is -1722 + -1d?
-1741
In base 9, what is -1835 + 44?
-1781
In base 8, what is -22 + 7673?
7651
In base 6, what is -1543 - -403?
-1140
In base 6, what is -11344304 + -2?
-11344310
In base 7, what is 51 - -30615?
30666
In base 10, what is -48 + 130?
82
In base 3, what is -10 + 1201210?
1201200
In base 2, what is 10010000010000000 - 110000?
10010000001010000
In base 2, what is 1111 - -11111010011?
11111100010
In base 15, what is 24 - -d2c?
d51
In base 3, what is 20 - 11110112102?
-11110112012
In base 14, what is 27bbc - 37?
27b85
In base 6, what is 3 + 253511?
253514
In base 13, what is cb92b1 - 5?
cb92a9
In base 10, what is -854 - -16?
-838
In base 5, what is -203 - -12423?
12220
In base 12, what is -16823 + -1a?
-16841
In base 3, what is 12122102221 - -12?
12122110010
In base 6, what is 14 - 202414?
-202400
In base 10, what is 7501 - 87?
7414
In base 6, what is -12220201 - -31?
-12220130
In base 16, what is -2 + 6c42?
6c40
In base 6, what is 25 + -11122?
-11053
In base 16, what is a1 - -172?
213
In base 6, what is -3152 - -2232?
-520
In base 11, what is 1a4 + 52?
246
In base 6, what is -132 - 4403?
-4535
In base 8, what is 110033 - 3?
110030
In base 7, what is 14003 - -1034?
15040
In base 12, what is 8847 + 6?
8851
In base 2, what is -100001011010001011111 + -10?
-100001011010001100001
In base 5, what is -141 + 223022?
222331
In base 4, what is -2 + 11110121023?
11110121021
In base 8, what is 0 + 1316464?
1316464
In base 12, what is 21b4 - -173?
2367
In base 9, what is -4 + 154432?
154427
In base 13, what is 74 + c23?
c97
In base 4, what is -3013222 - -2322?
-3010300
In base 15, what is -2 + -53a30?
-53a32
In base 8, what is 110 + 3455?
3565
In base 7, what is -5 + -203?
-211
In base 4, what is 311 - 231231?
-230320
In base 14, what is a6 + 40cb?
4193
In base 9, what is -56 + -4086?
-4153
In base 5, what is -42 - -21314?
21222
In base 15, what is -9e4a + 0?
-9e4a
In base 11, what is 281 - -2a2?
573
In base 9, what is 4750 - 53?
4686
In base 14, what is 1385dd + 5?
138604
In base 12, what is 11a1b4 - 2?
11a1b2
In base 8, what is 0 - 113464?
-113464
In base 3, what is 22201200102 - -11?
22201200120
In base 7, what is 1140 - 143?
664
In base 3, what is 1020001000 + 10?
1020001010
In base 9, what is -8802 - -5?
-8786
In base 11, what is 97 - -1955?
1a41
In base 14, what is 583 - -28?
5ab
In base 6, what is -10 - -4555?
4545
In base 7, what is 2 - 2434023?
-2434021
In base 16, what is -c8 + -115?
-1dd
In base 10, what is 1098 - 10?
1088
In base 13, what is a8 - 63b?
-563
In base 14, what is 615862 - -1?
615863
In base 9, what is 58 + -4565?
-4506
In base 15, what is -64 + 187?
123
In base 14, what is -1 + 1a78?
1a77
In base 12, what is -21a7b7 - -2?
-21a7b5
In base 6, what is 4 - 305151